rue
Is 34017 a multiple of 69?
True
Is 25473 a multiple of 14?
False
Is 5859 a multiple of 78?
False
Is 1325 a multiple of 5?
True
Is 16 a multiple of 4?
True
Does 57 divide 12711?
True
Does 3 divide 2691?
True
Does 34 divide 36074?
True
Is 2610 a multiple of 9?
True
Is 29542 a multiple of 49?
False
Is 74841 a multiple of 13?
True
Is 62 a factor of 20832?
True
Is 40 a factor of 76000?
True
Is 13 a factor of 22906?
True
Is 1260 a multiple of 60?
True
Is 1748 a multiple of 12?
False
Is 105331 a multiple of 200?
False
Is 159 a multiple of 4?
False
Does 43 divide 387?
True
Is 4 a factor of 21?
False
Is 15764 a multiple of 73?
False
Is 102 a factor of 7548?
True
Does 185 divide 5920?
True
Is 239 a factor of 45649?
True
Is 15 a factor of 3525?
True
Is 7 a factor of 2986?
False
Does 6 divide 657?
False
Is 4662 a multiple of 126?
True
Does 18 divide 738?
True
Does 32 divide 4320?
True
Is 216 a multiple of 54?
True
Is 2295 a multiple of 153?
True
Does 37 divide 1311?
False
Is 4265 a multiple of 21?
False
Is 2 a factor of 104?
True
Does 15 divide 420?
True
Is 11 a factor of 1034?
True
Is 5 a factor of 2688?
False
Is 10 a factor of 310?
True
Is 10 a factor of 2170?
True
Is 442 a multiple of 221?
True
Is 67 a factor of 560?
False
Is 5022 a multiple of 70?
False
Does 51 divide 1838?
False
Is 1056 a multiple of 33?
True
Is 2006 a multiple of 17?
True
Does 11 divide 11?
True
Is 8164 a multiple of 162?
False
Is 3 a factor of 88?
False
Does 26 divide 76?
False
Is 24 a factor of 2040?
True
Is 27 a factor of 5290?
False
Is 3 a factor of 77?
False
Is 2 a factor of 227?
False
Is 3082 a multiple of 114?
False
Does 13 divide 684?
False
Does 64 divide 44160?
True
Is 8619 a multiple of 51?
True
Is 37 a factor of 634?
False
Is 174 a multiple of 3?
True
Is 53 a factor of 3816?
True
Is 5252 a multiple of 4?
True
Is 6280 a multiple of 46?
False
Is 36 a factor of 36396?
True
Is 289 a multiple of 11?
False
Does 19 divide 5092?
True
Is 20 a factor of 46156?
False
Does 29 divide 116?
True
Is 68671 a multiple of 17?
False
Is 4803 a multiple of 53?
False
Is 28 a factor of 20916?
True
Is 10 a factor of 6843?
False
Is 2100 a multiple of 140?
True
Does 150 divide 20700?
True
Does 98 divide 4866?
False
Is 15772 a multiple of 175?
False
Is 497 a multiple of 71?
True
Is 81 a factor of 1816?
False
Is 28 a factor of 547?
False
Is 11 a factor of 1485?
True
Is 6204 a multiple of 12?
True
Does 33 divide 23793?
True
Does 22 divide 1753?
False
Is 25 a factor of 7835?
False
Does 15 divide 45?
True
Is 5927 a multiple of 10?
False
Is 77740 a multiple of 299?
True
Is 164 a multiple of 3?
False
Is 29 a factor of 5385?
False
Is 50 a factor of 302?
False
Is 16 a factor of 26912?
True
Is 182 a factor of 61775?
False
Is 5 a factor of 95?
True
Is 1018 a multiple of 7?
False
Is 5555 a multiple of 5?
True
Is 51 a factor of 4335?
True
Is 3 a factor of 6834?
True
Is 23 a factor of 1150?
True
Is 890 a multiple of 16?
False
Is 1264 a multiple of 16?
True
Is 513 a multiple of 34?
False
Is 1028 a multiple of 31?
False
Is 8064 a multiple of 28?
True
Is 7968 a multiple of 13?
False
Is 13921 a multiple of 71?
False
Does 45 divide 1980?
True
Does 35 divide 90598?
False
Is 1268 a multiple of 11?
False
Does 14 divide 658?
True
Is 121 a multiple of 11?
True
Is 8 a factor of 3755?
False
Does 18 divide 24516?
True
Is 13920 a multiple of 160?
True
Is 26 a factor of 405?
False
Does 3 divide 234?
True
Is 124 a factor of 17112?
True
Is 14 a factor of 11088?
True
Is 80 a multiple of 3?
False
Is 9 a factor of 180?
True
Is 145 a factor of 523?
False
Is 34 a factor of 5586?
False
Is 320 a factor of 77120?
True
Is 674 a multiple of 59?
False
Does 5 divide 2402?
False
Is 614 a multiple of 25?
False
Is 46 a factor of 67104?
False
Is 80 a factor of 9280?
True
Does 33 divide 2251?
False
Does 7 divide 5638?
False
Is 899 a multiple of 34?
False
Is 27471 a multiple of 21?
False
Is 18 a factor of 1032?
False
Does 7 divide 5887?
True
Is 936 a multiple of 39?
True
Is 983 even?
False
Is 20 a factor of 660?
True
Is 9302 a multiple of 14?
False
Is 23 a factor of 138?
True
Is 50 a factor of 8800?
True
Is 7 a factor of 1900?
False
Is 4 a factor of 552?
True
Is 26 a factor of 40427?
False
Is 57 a factor of 1140?
True
Is 12 a factor of 249?
False
Does 43 divide 364?
False
Does 26 divide 130?
True
Does 65 divide 49530?
True
Is 33423 a multiple of 20?
False
Does 7 divide 295?
False
Is 9 a factor of 46872?
True
Is 19 a factor of 2242?
True
Is 8880 a multiple of 6?
True
Is 15 a factor of 88985?
False
Does 113 divide 2488?
False
Is 18 a factor of 666?
True
Is 19 a factor of 95649?
False
Is 1107 a multiple of 19?
False
Is 12 a factor of 34?
False
Is 16065 a multiple of 153?
True
Is 23 a factor of 1992?
False
Is 8 a factor of 41331?
False
Does 85 divide 112285?
True
Is 8 a factor of 70?
False
Is 507 a multiple of 76?
False
Does 7 divide 3907?
False
Does 9 divide 19667?
False
Is 1210 a multiple of 42?
False
Is 2068 a multiple of 6?
False
Is 20390 even?
True
Is 13 a factor of 4719?
True
Does 38 divide 48734?
False
Is 120 a factor of 7004?
False
Is 913 a multiple of 15?
False
Is 17458 even?
True
Does 5 divide 220?
True
Does 28 divide 7472?
False
Is 93 a factor of 39976?
False
Does 136 divide 1224?
True
Does 68 divide 39105?
False
Is 143 a factor of 8580?
True
Is 3976 a multiple of 75?
False
Is 14 a factor of 72?
False
Is 11 a factor of 1023?
True
Is 67 a factor of 72327?
False
Is 50 a factor of 15050?
True
Is 79 a factor of 170?
False
Is 9 a factor of 234?
True
Is 3149 a multiple of 67?
True
Is 5481 a multiple of 12?
False
Is 310 a multiple of 10?
True
Is 3782 a multiple of 12?
False
Is 16584 a multiple of 111?
False
Is 165 a factor of 40532?
False
Does 101 divide 909?
True
Is 30 a factor of 1769?
False
Does 3 divide 1065?
True
Does 87 divide 6610?
False
Is 4 a factor of 204?
True
Does 32 divide 288?
True
Does 8 divide 3567?
False
Is 772 a multiple of 23?
False
Is 19 a factor of 143?
False
Is 1826 a multiple of 19?
False
Does 5 divide 170?
True
Does 49 divide 54966?
False
Is 214 a multiple of 8?
False
Is 15 a factor of 3285?
True
Is 3 a factor of 525?
True
Does 5 divide 1466?
False
Is 2 a factor of 3279?
False
Is 297 a multiple of 5?
False
Does 6 divide 574?
False
Does 10 divide 1928?
False
Is 300 a multiple of 15?
True
Is 15984 a multiple of 72?
True
Is 7722 a multiple of 27?
True
Does 29 divide 26129?
True
Does 18 divide 558?
True
Is 11 a factor of 927?
False
Is 49 a factor of 40229?
True
Is 4673 a multiple of 352?
False
Is 11 a factor of 198?
True
Is 4751 a multiple of 6?
False
Does 99 divide 3465?
True
Is 18 a factor of 123099?
False
Is 68 a factor of 3689?
False
Is 16 a factor of 12491?
False
Is 47740 a multiple of 124?
True
Is 751 a multiple of 11?
False
Does 139 divide 19462?
False
Does 10 divide 13280?
True
Does 13 divide 38818?
True
Does 13 divide 5107?
False
Is 366 a multiple of 61?
True
Is 1876 a multiple of 33?
False
Is 127 a multiple of 27?
False
Is 25 a factor of 3395?
False
Does 15 divide 690?
True
Is 13 a factor of 49452?
True
Does 116 divide 1044?
True
Does 186 divide 10230?
True
Is 73 a multiple of 4?
False
Is 2137 a multiple of 60?
False
Is 12 a factor of 4973?
False
Is 3443 a multiple of 43?
False
Does 53 divide 7049?
True
Is 10 a factor of 58540?
True
Is 30 a factor of 360?
True
Is 15 a factor of 735?
True
Does 11 divide 66?
True
Is 26991 a multiple of 132?
False
Is 75 a factor of 7314?
False
Is 8 a factor of 16416?
True
Does 28 divide 2972?
False
Is 4462 a multiple of 46?
True
Does 18 divide 1428?
False
Is 7 a factor of 847?
True
Is 2 a factor of 17?
False
Is 4132 a multiple of 9?
False
Is 45552 a multiple of 73?
True
Does 16 divide 49808?
True
Is 7 a factor of 1476?
False
Is 77957 a multiple of 17?
False
Does 88 divide 1760?
True
Is 53094 a multiple of 6?
True
Is 11428 a multiple of 128?
False
Is 17645 a multiple of 93?
False
Is 16 a factor of 2304?
True
Does 19 divide 26594?
False
Does 43 divide 8487?
False
Is 83 a factor of 34110?
False
Is 13 a factor of 2873?
True
Is 127 a multiple of 35?
False
Is 6164 even?
True
Is 16 a factor of 6802?
False
Does 31 divide 15965?
True
Is 270 a factor of 9720?
True
Does 8 divide 144?
True
Does 49 divide 1862?
True
Is 23 a factor of 4187?
False
Is 2496 a multiple of 12?
True
Is 244 a multi